 -4*o - 110 = -5*z - 842. Calculate the remainder when o is divided by 11.
7
Let a(o) = -o**2 + 21*o. Let l be a(21). Suppose -16 = 4*f, -6*k + 3*k - f + 176 = l. Calculate the remainder when k is divided by 14.
4
Let n(f) = 2*f**3 + 4*f**2 + 41*f - 184. What is the remainder when n(5) is divided by 20?
11
Suppose 73*w = 136*w - 756. Let s(d) = -d**3 + d**2 - d + 1. Let j be s(1). Suppose -c + 39 - w = j. Calculate the remainder when c is divided by 10.
7
Let m = -3 + 83. Calculate the remainder when m/(-12)*3/(-2) is divided by (-2)/(-6)*2 - ((-76)/(-6) - 16).
2
Let g(k) = -1 + 9 - 63*k + 1124*k**2 - 1116*k**2. What is the remainder when 92 is divided by g(8)?
12
Let u be 45/30*(-404)/3. Let b be (-10)/45 + u/(-18). What is the remainder when 51 is divided by (-2)/b + 290*6/132?
12
Let q(s) = 35*s**2 - 562*s + 64. What is the remainder when 91 is divided by q(16)?
27
Let u be (-78)/(-65)*((-93)/(-2) + 1). Calculate the remainder when -12 + u + (3 - 0) is divided by 34.
14
Suppose 7*w + 147 = 903. Let p = w + -12. Suppose p = u + 2*u. What is the remainder when u is divided by 7?
4
Suppose -3*f - 1403 = -4*h, 8*h - 3*h + 5*f - 1745 = 0. What is the remainder when h is divided by 39?
38
What is the remainder when 413 is divided by ((-43)/14 - -3)/(((-105)/98)/15)?
0
Suppose 0 = 314*p - 4980 - 49164 - 34718. Calculate the remainder when 853 is divided by p.
4
Suppose 0 = 5*h - 2*p - 40, -51*h - 24 = -54*h + 3*p. What is the remainder when 56 is divided by h?
0
Let j = -878 - -870. What is the remainder when 3528/(12/3) - j is divided by 11?
10
Let b(z) = -2*z**2 - 15*z - 31. Let m be b(-8). Let k = m + 44. What is the remainder when 18 is divided by k?
3
Let h be (-6)/21 - (-7)/((-49)/(-324)). Suppose -184 = -h*j + 38*j. What is the remainder when 36 is divided by j?
13
Let q(w) = -15*w**3 - 37*w**2 + 9*w + 9. What is the remainder when 156 is divided by q(-3)?
48
Let a be (-6)/(2/(6/(-9))). Suppose -b + 156 = -0*p + 3*p, -104 = -a*p - 2*b. Calculate the remainder when 256 is divided by p.
48
Let l = -14959 - -14975. Suppose -15*t - 111 = -16*t. Calculate the remainder when t is divided by l.
15
Suppose 2098 = 2*x - p, -5*x + x + p + 4200 = 0. Suppose -24*s + x = -29. Calculate the remainder when s is divided by 19.
7
Let q = -8031 + 8999. Calculate the remainder when q is divided by 244.
236
Let o(s) = -8*s + 2. Let u(b) = b**2 + 7*b - 3. Let v be u(-5). Let x be o(v). Suppose -g - x + 114 = 0. Calculate the remainder when 55 is divided by g.
7
Suppose -405 = w + 2*w. Let r = -125 - w. What is the remainder when 49 is divided by r?
9
Let r(t) = -t**3 - 2*t**2 + 5*t + 6. Let i be r(-3). Let p = i + 16. Let k = -210 + 304. What is the remainder when k is divided by p?
14
Suppose 2*n + 2*y = 28, -y + 26 + 21 = 4*n. Suppose 4*a = a + 30. Calculate the remainder when -2*((-125)/a - 3) is divided by n.
9
Suppose 5*x + 473 = -82*a + 85*a, a - 171 = -5*x. Calculate the remainder when 1281 is divided by a.
154
Let t(n) = n**2 - 42*n - 223. Calculate the remainder when t(64) is divided by 4.
1
Let r = -39 - -42. Suppose r*b + 0*b - 201 = 0. Calculate the remainder when 1*(-5)/((-5)/(-1))*-197 is divided by b.
63
Let i(n) be the first derivative of -n**4/4 - n**3/3 - 3*n**2/2 - 2*n - 47. Calculate the remainder when 39 is divided by i(-2).
7
Let t(a) = 5*a - 9. Let r(p) = -4*p**2 - 224*p + 12. What is the remainder when t(7) is divided by r(-56)?
2
Let w = 7825 - 7342. Calculate the remainder when w is divided by 132.
87
Suppose -95*q = -1733 - 19566 + 3439. Suppose -5*m = 2*l + 2, -4*l + 18 = -3*m - l. What is the remainder when q is divided by m + (-80)/(-1*2)?
36
Suppose 1449 = 19*w - 10*w. Calculate the remainder when w is divided by 28.
21
Let h = -5630 + 6574. What is the remainder when h is divided by 86?
84
What is the remainder when 768231/162 - ((22/(-12) - -3) + -1) is divided by 93?
92
Suppose 4*g + 4*m - 90 = 38, 0 = 4*g + 2*m - 120. Suppose 4*n = -n + 75. What is the remainder when g is divided by n?
13
Let m(h) be the third derivative of h**5/12 + 43*h**4/24 - h**3/6 + 172*h**2. What is the remainder when 31 is divided by m(-9)?
14
Let y = -52878 - -52917. Let s = -84 + -70. Let h = 270 + s. Calculate the remainder when h is divided by y.
38
Suppose 2*y = -13*y + 450. Suppose y*k - 252 = 24*k. Calculate the remainder when k is divided by 9.
6
Suppose -3*o = -16 - 2. Suppose 30 = -4*j + o. Calculate the remainder when ((-3)/(12/(-46)))/(j/(-24)) is divided by 24.
22
Let f = -75 - -75. Suppose f = 8*k - 122 - 30. What is the remainder when 37 is divided by k?
18
Let y(i) = i**3 + 2*i**2 - 34*i + 392. Calculate the remainder when y(0) is divided by 146.
100
Let c(x) = 30*x**2 + 315*x - 63. What is the remainder when c(-11) is divided by 27?
21
What is the remainder when (4 + 42110)*((-19)/(-3))/19 is divided by 12?
10
Suppose -4*d - 3*h = 25 - 16, 3 = -5*d - h. Suppose 0 = -29*n - d*n + 3248. What is the remainder when n is divided by 59?
53
Let z = -7229 - -7301. What is the remainder when 423 is divided by z?
63
Suppose 15*x = -3 + 48. What is the remainder when 43 is divided by x?
1
Let d be 5*(-9 + 33)*1/(-10). What is the remainder when (-120)/16*400/d is divided by 63?
61
Suppose 11 = 5*x - 54. Let i(k) = k**3 - 23*k**2 - 9*k - 155. Calculate the remainder when i(24) is divided by x.
10
Let u = 260 - 247. Let y(r) = 6*r**2 + 4*r - 4. Suppose 3*t = 6*t - 9. Calculate the remainder when y(t) is divided by u.
10
Suppose -2*i + 4*i - 478 = 0. Suppose 235*y = 1454 + 3246. Calculate the remainder when i is divided by y.
19
Suppose -4*z - j = -9548, -j - 2866 = -z - 474. What is the remainder when z is divided by 791?
15
Let v(d) = 17*d**3 - 2*d**2 + 2*d - 12. Let p be v(6). Suppose -m = 15*m - p. Calculate the remainder when m is divided by 76.
73
Let d(h) = -h - 20. Let n be d(-20). Suppose -2*y + 22 = -n*y. Calculate the remainder when 41 is divided by y.
8
Let g = 731 + -627. Let a = -11 + 29. Calculate the remainder when g is divided by a.
14
Let q = -100 - -11. Let d = 91 + q. Let s(t) = 18*t**3 + t**2 - 5*t + 3. Calculate the remainder when s(d) is divided by 29.
25
Let s be (-6 - -13) + (-1 - (1 - -3)). Suppose s*r = -4*o + 100, -4*o - 2*r + 6*r = -76. Calculate the remainder when 40 is divided by o.
17
Suppose 80*w - 3392 = 3888. Calculate the remainder when w is divided by 80.
11
Let g(r) = 269*r**2 - 246*r - 1024. What is the remainder when g(-4) is divided by 214?
198
Let i = -45 - 135. Let s = -162 - i. What is the remainder when 86 is divided by s?
14
Let u = 3958 - 3927. Calculate the remainder when 708 is divided by u.
26
Let k(s) = -2*s**2 + 128*s + 279. Suppose 0 = z + 61 - 151. Calculate the remainder when z is divided by k(66).
0
Calculate the remainder when ((-945)/6)/(597/(-4378)) is divided by 175.
105
Suppose 19*m - 3990 = 43947. What is the remainder when m is divided by 25?
23
What is the remainder when 2800 is divided by (12/(-8))/((-8)/(-224)*-7)?
4
Suppose -12 = -2*x + 60. Let z be (3/16*-2)/(21/(-168)). Calculate the remainder when (8 - -126)*(z + -2) is divided by x.
26
Let c = -8688 + 8715. What is the remainder when 161 is divided by c?
26
Let i(b) = b**2 + 12*b - 1. Let h be i(-12). Calculate the remainder when (81 - (h + 0))*3/6 is divided by 18.
5
Suppose 5452 = 10*i + 4*i + 44*i. What is the remainder when 1690 is divided by i?
92
Let d(k) be the first derivative of -k**2 + 132*k - 87. Calculate the remainder when d(30) is divided by 15.
12
Let i = 291 + 1705. Calculate the remainder when i is divided by 25.
21
Suppose 0 = -4*s + 22 - 10, 237 = 5*q - s. Calculate the remainder when 2171 is divided by q.
11
Suppose 4*n = -3*j + 157 + 25, -3*j = -4*n + 170. Suppose -133*v - 2*v = 141*v - 1380. Calculate the remainder when n is divided by v.
4
What is the remainder when 2 + 374/(-5)*-5*(-25 - -26) is divided by 343?
33
Let x be -4*(286/12 + 3/18). Let i = x - -103. Calculate the remainder when i is divided by 4.
3
Let a(g) = g. Let o be a(4). Suppose 3*x + 85 = -2*z, o*z - 4*x + 163 = -3*x. Let k = -1 - z. What is the remainder when 79 is divided by k?
39
Let c = -1 + 4. Suppose -r = 5*r + 1098. Let q = -174 - r. What is the remainder when q is divided by c?
0
Let z be 8/(1 + 1)*-1. Let c(q) = -6*q - 4 + q